1.
9
Calculate 10 - (27 - (7 + 5)) - -2.
-3
What is 57 + -34 + -17 + 3?
9
4 - 18 - -6 - (3 - -3)
-14
What is the value of 51 + (2 - 41) + 17?
29
What is (-2 - (9 + -6 + -7)) + -9 - -4?
-3
What is (1 + -6 - -9) + (-4 - -21 - 10)?
11
Calculate 42 + -69 - (-10 + -5 + -1).
-11
Evaluate 3 - -34 - 15 - (4 - (2 + 2)).
22
What is the value of 4 + 5 + -7 - (0 + 19)?
-17
Evaluate (9 - (-11 + 1)) + -3 + -9 + 0.
7
What is -5 + 16 + -27 + -1 + 13?
-4
Calculate -3 - 0 - -12 - (-10 + 8).
11
Calculate ((-9 - -8) + 17 - 12 - 7) + 36.
33
Calculate 11 - (-15 - -53 - 14 - -10).
-23
Evaluate -4 - (-20 + -6 + -1 - -9).
14
What is the value of 12 + (-2 - -5 - (43 - 32))?
4
-10 + (16 - 7) + -13
-14
What is the value of (-32 - (6 - 0)) + -4 + 9 - -4?
-29
What is the value of -3 + 5 + 5 - ((3 - 4) + 3)?
5
-2 - (-5 + (11 - 4)) - -11
7
Evaluate 7 - (22 + (-12 - -5)).
-8
11 + -22 + (15 - 13)
-9
-5 - (5 - 4 - (2 + 5))
1
What is -108 - -105 - (10 - -15)?
-28
Calculate 10 - (-35 - (18 + (19 - 42))).
40
Calculate 3 + (0 - (2 + 2)) + -67 + 80.
12
Evaluate (10 - (8 + -10)) + -32.
-20
Evaluate -6 - (5 + -11 + (1 - 3)).
2
Evaluate -41 - (-60 - -9) - (0 - -17).
-7
What is the value of -12 + -1 + (28 + -22 - -4)?
-3
What is -19 - (-13 + 36 + -13) - (3 + -10)?
-22
11 + -3 + (-49 - -27) - -23
9
What is the value of -6 + (545 - 546 - (-20 + 0 + -1))?
14
3 - (-7 - 0 - (29 + -29))
10
What is the value of 55 - ((37 - 4) + -4)?
26
4 + 4 + -12 - (-1 + -8 + 8)
-3
(1 + 8 + -6 - 10) + 4 + 8
5
What is -9 - (3 - (-4 + 18)) - -7?
9
Calculate -3 + (5 - (-4 - -14 - 18)).
10
1 + (8 - 1) - (18 + -8)
-2
What is (-6 - -9) + (-23 - -4) + -8 + 4?
-20
What is (-24 - (-23 + 5 + 11)) + -13?
-30
What is the value of 38 + -69 + (0 - -3) + -6 + -1?
-35
Evaluate 8 + (-43 + -3 - -77).
39
What is the value of 406 + -399 + (1 - 34)?
-26
What is the value of -17 + (8 - (-5 - -2))?
-6
(-6 - -1) + (-21 - -39 - 23)
-10
What is the value of 2 - (-2 + -11 + 18)?
-3
Calculate (8 - 1) + (-4 - (43 - 29)).
-11
What is -39 - (3 + -2 - (12 - -17 - 23))?
-34
What is -7 + -2 + (2 - -4 - 4) - 3?
-10
3 - (11 + -1 - 3)
-4
Evaluate 6 + (90 - 84) + 0 + -11.
1
-11 - ((-5 - (0 - 8)) + -7)
-7
4 + 11 - (-15 - -30)
0
What is -10 - (-41 + -1 - (-62 + 54))?
24
Calculate (-19 - 5) + 36 - 26.
-14
What is the value of -6 - (4 - (-11 + 24))?
3
Calculate -7 + 1 + (-1 + 12 - (5 + -3)).
3
Evaluate 12 + 49 + 9 + -108.
-38
What is 9 - (-8 - (-34 + 11)) - -13?
7
What is the value of -19 + 1 - (-8 + 8 + 1) - 0?
-19
What is the value of -7 + (8 - (1 + (5 - 10))) - 24?
-19
What is the value of -13 + -3 + 17 + 14?
15
Calculate -11 + 2 - (4 + 3 + -15).
-1
Calculate -3 - 0 - (9 + -13 - -9).
-8
2 + -25 + (-404 - -414)
-13
What is the value of -3 - (-10 + -8 + 5)?
10
Calculate -19 + 4 - (8 + 0 + -21 + 14).
-16
-24 + 2 + (-7 - 1 - -4) + 9
-17
What is -2 - ((3 - 1) + 0 - (70 + -76))?
-10
Evaluate (-22 - -44) + (1 - 8).
15
What is 8 - (-2 + 15 + (2 + -3 - -7))?
-11
3 + -16 + -4 + -27 + 20
-24
What is the value of -6 + -3 + 6 + 4 + -14?
-13
Evaluate (-2 + -7 + 6 - -1) + 0.
-2
Evaluate (-2 - (-3 - -13)) + 18 + -9.
-3
What is the value of 1 - (-3 - 1) - (-21 + 31)?
-5
What is the value of 4 - 4 - (-12 - -26)?
-14
What is the value of 6 + 48 + -30 + -19 + (-39 - -1)?
-33
What is -3 - 4 - (-1 + -9 + 7 + 6)?
-10
What is 1 - 24 - (120 + -90 + (-16 - 2))?
-35
What is the value of 4 - (-1 - (-13 + 0))?
-8
Evaluate 8 + (-19 + 12 - 1).
0
What is (-7 - 0) + (6 + -9 - (3 - 12))?
-1
What is the value of (30 - (15 - -5)) + 9?
19
Evaluate 10 + -19 + (-1 + (1 - -2) - 2).
-9
What is the value of 36 + -1 - (-248 + 283)?
0
Calculate (-44 - -23) + -11 + 13.
-19
(-17 - -6) + 6 + 13 + -1 - 8
-1
Evaluate -6 + -12 + 13 + -16 + 1.
-20
Calculate -4 + -16 + 1 + 2 + -10 + 9.
-18
What is the value of (4 - -1) + -34 + 31 + -1 + 9?
10
Calculate (3 - -1) + (13 - (18 - (-6 - -3))).
-4
10 + -3 + -1 + (-10 - (-14 + 1))
9
What is the value of (-2 - -7) + 4 + -3 + -19 + 8?
-5
What is 12 + -21 + 3 + -1?
-7
What is the value of 0 + 12 + (-2 - 4 - 28)?
-22
Calculate -9 + -9 + (-6 - -16).
-8
What is -14 + (-10 - (0 - (-10 + 7) - 3))?
-24
(-1 - 2) + 6 + -16 + 2
-11
What is (19 + 3 + -16 - 17) + -16?
-27
What is the value of -11 + 9 + (-1 - (11 + -8))?
-6
What is -9 - (11 - 22 - 2)?
4
Calculate (1 - -4) + (104 - 74) - (0 - -5).
30
Calculate (19 + 5 - 38) + (1 - 7).
-20
What is the value of 6 - (-9 + 1 - (-62 - -54))?
6
Calculate 5 - -1 - (4 + (6 - -6)).
-10
13 + (5 - 52) + 24
-10
What is the value of -3 + (4 - 4 - 1) - (3 + 2)?
-9
What is -30 - -82 - 32 - (2 + 1)?
17
Evaluate -105 + 100 - (-2 - 10).
7
Evaluate 3 + (2 - (4 - -8)) - (-1 - 8).
2
Calculate 15 + -1 + -19 + 16 + (-1 - 5).
5
What is the value of -3 + 2 + -1 + (53 + -131 - -80)?
0
21 + -11 + 0 + -2 + -1 + -3
4
What is the value of -18 - (8 + -55 + 12)?
17
Calculate (16 + -6 - 8) + -2 + 9.
9
Evaluate -1 + -38 + (6 - -47 - 39).
-25
What is -3 + 2 + -8 - (-75 + 61)?
5
Evaluate (-25 + 0 - -1) + (-263 - -273).
-14
Evaluate (3 - -28 - (37 - 38)) + -1.
31
(4 - (-3 + 7)) + (9 - 7 - 3)
-1
Calculate -12 - (-35 + 34 + -6 + 4 + -3).
-6
What is (-1 - 4) + -8 + 15?
2
15 + 7 + (-6 - (0 - -9))
7
What is the value of -9 + (6 - -1) - 1 - -2?
-1
Calculate -5 + (-19 - -31) - -7.
14
Calculate 12 + -6 + 0 + (4 - 21).
-11
Evaluate -9 + -2 + 1 + -7 + 3 + 3.
-11
What is the value of -11 - (0 - (11 - (15 + -8)))?
-7
What is the value of (11 - 2) + (32 + -21 - 25)?
-5
What is -117 - -121 - (2 + 1 + 0)?
1
What is 11 + -1 + 3 + (-22 - -16)?
7
(-28 - -11) + 19 + -5
-3
Calculate -54 - (-53 + 27 + -6).
-22
Evaluate 6 + 15 + -12 + -9 - (-3 + -1).
4
-5 - (-7 + -1 + -12 + 7)
8
Evaluate 29 + (5 - (-18 - -30)).
22
What is the value of -222 + 212 - (-1 - 14 - -3)?
2
What is the value of (0 - 2) + (200 - 222)?
-24
(-14 - 4) + (-45 - -70)
7
Calculate (7 - -15 - 9) + -20.
-7
Evaluate (13 - 2 - (-10 + 11)) + 9.
19
Evaluate -6 + 5 - (38 - 25) - -32.
18
-8 - ((13 + -7 - 38) + -5 + 4)
25
What is 36 + -13 + -9 - -20?
34
Calculate -9 + ((6 - 2) + -13 - (-42 - -6)).
18
Evaluate (-11 - -4) + -21 + 37 - 35.
-26
10 + -5 + 2 + (-8 - 0 - -1)
0
Evaluate (3 + 4 - (4 + 11)) + -12.
-20
Calculate (16 - (-9 - 8)) + -15.
18
Calculate -3 - 8 - (-2 + 2) - 2.
-13
8 + (4 - 0) + -5 - 16
-9
Evaluate 8 + 7 + -10 + -8.
-3
13 + (6 - 14) + -6 + -1 + 3
1
What is -2 + -6 - (17 + -14 - -15) - 5?
-31
What is the value of -47 + 4 - (20 - 22 - 4)?
-37
Evaluate (29 - 32) + (-1 - -7 - -1) + -24.
-20
Evaluate 0 + 11 + 8 + 39 + -60.
-2
(-15 - (-12 + 10)) + 0 + -6 - -4
-15
What is the value of -7 + (-2 - -3) + 4 + 2?
0
Calculate -8 - -8 - (-5 + -3 + (7 - 0)).
1
Calculate (139 - 155) + -7 + 4 + -6.
-25
-6 + -9 - (-14 + 6)
-7
Calculate (-119 - -109) + (3 - 2 - -9).
0
6 + 3 + -11 + (-2 - -4)
0
What is 15 - (-14 - (18 - 31))?
16
-10 - ((3 - (13 - 10)) + -14) - 11
-7
1 + (2 + 4 - (23 + -5 + -1))
-10
(-22 - -29 - 49) + 29
-13
Evaluate -11 + 0 + 3 - -20 - 24.
-12
Evaluate 9 + -3 + 7 + -22.
-9
What is 114 + -77 - (-6 - -13)?
30
Evaluate 8 - (7 - 5) - (18 - 2) - -4.
-6
Calculate 8 + -21 + (21 - -13).
21
Calculate 3 + 6 - 17 - (-1 + -11 + 5).
-1
What is -12 + (-9 - 0) + (-34 - -35)?
-20
What is the value of -36 + 15 + 35 + -17?
-3
What is -2 - (21 - 15) - (-6 + 12 - 0)?
-14
Calculate (31 + -15 - 22) + -3 + 1 - -9.
1
What is 12 - (18 + -6 + 1)?
-1
Evaluate -3 + -7 - (-1 + -2 - 6).
-1
Calculate (-9 - -2) + 18 + -4.
7
8 - ((-2 - 4 - -10) + (-1 - 12))
17
4 + -17 + -17 + 18
-12
What is (-10 - (7 + 4) - -6) + 11?
-4
Calculate -4 + 9 - (0 + 1 - (48 - 46)).
6
-11 + 3 + 1 + -3
-10
Calculate 2 + 2 + -11 + 24 - (4 + 2).
11
What is the value of 14 + (-13 - 17) + -1 + 6?
-11
What is the value of 12 + -21 + 2 - (-1 + -17)?
11
Evaluate -1 + -18 + -8 + 38.
11
(-9 - -2) + 1 + 215 + -224
-15
Evaluate -79 - -90 - (7 - 3 - (-6 + 30)).
31
(24 - 10) + -38 + 2 - -8
-14
What is -15 + (-19 - -9) + 2 - (-9 + 1)?
-15
Evaluate -11 + 1 + 101 + -73 + -36.
-18
(-1 - 1) + -286 + 291 + 10 + 1
14
-9 + (86 - 79 - (10 - -4))
-16
Calculate 9 - -9 - ((4 - 7) + 6).
15
What is the value of 20 - (45 + -17 - (10 + 2))?
4
What is 1 + -2 + 21 - (-106 + 115)?
11
Calculate (-5 + 9 - 8) + (-1 + -4 - 0).
-9
Evaluate -5 - 3 - (-173 - -137).
28
(0 + (4 - 0) - 5) + 7 - -3
9
(42 - 22) + -6 + (-13 - -24)
25
What is the value of (0 - (4 + 4)) + 32 + -24?
0
(10 - 18 - -31) + -10
13